{"id":11,"date":"2019-11-04T10:36:29","date_gmt":"2019-11-04T09:36:29","guid":{"rendered":"http:\/\/xn--vderbacken-q5a.se\/?page_id=11"},"modified":"2019-11-11T09:38:30","modified_gmt":"2019-11-11T08:38:30","slug":"elementor-11","status":"publish","type":"page","link":"https:\/\/xn--vderbacken-q5a.se\/","title":{"rendered":"Hem"},"content":{"rendered":"\t\t<div data-elementor-type=\"wp-post\" data-elementor-id=\"11\" class=\"elementor elementor-11\">\n\t\t\t\t\t\t<section class=\"elementor-section elementor-top-section elementor-element elementor-element-b6c4e3b elementor-section-boxed elementor-section-height-default elementor-section-height-default\" data-id=\"b6c4e3b\" data-element_type=\"section\">\n\t\t\t\t\t\t<div class=\"elementor-container elementor-column-gap-default\">\n\t\t\t\t\t<div class=\"elementor-column elementor-col-100 elementor-top-column elementor-element elementor-element-8c13d9d\" data-id=\"8c13d9d\" data-element_type=\"column\">\n\t\t\t<div class=\"elementor-widget-wrap elementor-element-populated\">\n\t\t\t\t\t\t<section class=\"elementor-section elementor-inner-section elementor-element elementor-element-e4e8d2f elementor-section-boxed elementor-section-height-default elementor-section-height-default\" data-id=\"e4e8d2f\" data-element_type=\"section\">\n\t\t\t\t\t\t<div class=\"elementor-container elementor-column-gap-default\">\n\t\t\t\t\t<div class=\"elementor-column elementor-col-50 elementor-inner-column elementor-element elementor-element-6e0f9ef\" data-id=\"6e0f9ef\" data-element_type=\"column\">\n\t\t\t<div class=\"elementor-widget-wrap elementor-element-populated\">\n\t\t\t\t\t\t<div class=\"elementor-element elementor-element-25273dc elementor-widget elementor-widget-image\" data-id=\"25273dc\" data-element_type=\"widget\" data-widget_type=\"image.default\">\n\t\t\t\t<div class=\"elementor-widget-container\">\n\t\t\t\t\t\t\t\t\t\t\t\t\t\t\t<img decoding=\"async\" src=\"https:\/\/xn--vderbacken-q5a.se\/wp-content\/uploads\/elementor\/thumbs\/farstall_04-pdtefhflo265amz9wtkt393g2pt9cie6b11c0qfxs0.jpg\" title=\"farstall_04\" alt=\"farstall_04\" loading=\"lazy\" \/>\t\t\t\t\t\t\t\t\t\t\t\t\t\t\t<\/div>\n\t\t\t\t<\/div>\n\t\t\t\t\t<\/div>\n\t\t<\/div>\n\t\t\t\t<div class=\"elementor-column elementor-col-50 elementor-inner-column elementor-element elementor-element-ae1a3c4\" data-id=\"ae1a3c4\" data-element_type=\"column\">\n\t\t\t<div class=\"elementor-widget-wrap elementor-element-populated\">\n\t\t\t\t\t\t<div class=\"elementor-element elementor-element-44ece5a elementor-widget elementor-widget-text-editor\" data-id=\"44ece5a\" data-element_type=\"widget\" data-widget_type=\"text-editor.default\">\n\t\t\t\t<div class=\"elementor-widget-container\">\n\t\t\t\t\t\t\t\t\t<div class=\"_2cuy _3dgx _2vxa\">V\u00e4derbacken Allservice AB (svb) \u00e4r ett socialt f\u00f6retag som \u00f6vertagit verksamheten efter Smedjebackens kommuns arbetsmarknads\u00e5tg\u00e4rd Komhall. Verksamheten bedrivs som aktiebolag med s\u00e4rskilt vinst begr\u00e4nsning.<\/div><div class=\"_2cuy _3dgx _2vxa\">\u00a0<\/div><div class=\"_2cuy _3dgx _2vxa\">Vi kommer forts\u00e4tta tillhandah\u00e5lla service i form av gr\u00e4sklippning och sn\u00f6skottning f\u00f6r pension\u00e4rer som \u00e4r hemmah\u00f6rande i Smedjebackens kommun, verksamheten kommer bedrivas med hj\u00e4lp av arbetsmarknads\u00e5tg\u00e4rder. Vi kommer \u00e4ven erbjuda allehanda tj\u00e4nster i form av flytthj\u00e4lp, gr\u00e4sr\u00f6jning, l\u00f6vkrattning, tr\u00e4df\u00e4llning, skr\u00e4pk\u00f6rning m.m.<\/div><div class=\"_2cuy _3dgx _2vxa\">\u00a0<\/div><div class=\"_2cuy _3dgx _2vxa\">I och med att vi ej l\u00e4ngre \u00e4r en offentlig verksamhet, kan vi numera erbjuda \u00e4ven v\u00e5ra tj\u00e4nster till privatpersoner, f\u00f6reningar och f\u00f6retag.<\/div>\t\t\t\t\t\t\t\t<\/div>\n\t\t\t\t<\/div>\n\t\t\t\t\t<\/div>\n\t\t<\/div>\n\t\t\t\t\t<\/div>\n\t\t<\/section>\n\t\t\t\t\t<\/div>\n\t\t<\/div>\n\t\t\t\t\t<\/div>\n\t\t<\/section>\n\t\t\t\t<section class=\"elementor-section elementor-top-section elementor-element elementor-element-f8a4eb6 elementor-section-boxed elementor-section-height-default elementor-section-height-default\" data-id=\"f8a4eb6\" data-element_type=\"section\">\n\t\t\t\t\t\t<div class=\"elementor-container elementor-column-gap-default\">\n\t\t\t\t\t<div class=\"elementor-column elementor-col-100 elementor-top-column elementor-element elementor-element-b2d4dd8\" data-id=\"b2d4dd8\" data-element_type=\"column\">\n\t\t\t<div class=\"elementor-widget-wrap elementor-element-populated\">\n\t\t\t\t\t\t<section class=\"elementor-section elementor-inner-section elementor-element elementor-element-4d1aa40 elementor-section-boxed elementor-section-height-default elementor-section-height-default\" data-id=\"4d1aa40\" data-element_type=\"section\">\n\t\t\t\t\t\t<div class=\"elementor-container elementor-column-gap-default\">\n\t\t\t\t\t<div class=\"elementor-column elementor-col-50 elementor-inner-column elementor-element elementor-element-8c5ae4f\" data-id=\"8c5ae4f\" data-element_type=\"column\">\n\t\t\t<div class=\"elementor-widget-wrap elementor-element-populated\">\n\t\t\t\t\t\t<div class=\"elementor-element elementor-element-6d176df elementor-widget elementor-widget-image\" data-id=\"6d176df\" data-element_type=\"widget\" data-widget_type=\"image.default\">\n\t\t\t\t<div class=\"elementor-widget-container\">\n\t\t\t\t\t\t\t\t\t\t\t\t\t\t\t<img fetchpriority=\"high\" decoding=\"async\" width=\"640\" height=\"480\" src=\"https:\/\/xn--vderbacken-q5a.se\/wp-content\/uploads\/far_1_800.png\" class=\"attachment-large size-large wp-image-46\" alt=\"\" srcset=\"https:\/\/xn--vderbacken-q5a.se\/wp-content\/uploads\/far_1_800.png 800w, https:\/\/xn--vderbacken-q5a.se\/wp-content\/uploads\/far_1_800-300x225.png 300w, https:\/\/xn--vderbacken-q5a.se\/wp-content\/uploads\/far_1_800-768x576.png 768w\" sizes=\"(max-width: 640px) 100vw, 640px\" \/>\t\t\t\t\t\t\t\t\t\t\t\t\t\t\t<\/div>\n\t\t\t\t<\/div>\n\t\t\t\t\t<\/div>\n\t\t<\/div>\n\t\t\t\t<div class=\"elementor-column elementor-col-50 elementor-inner-column elementor-element elementor-element-1d261a5\" data-id=\"1d261a5\" data-element_type=\"column\">\n\t\t\t<div class=\"elementor-widget-wrap elementor-element-populated\">\n\t\t\t\t\t\t<div class=\"elementor-element elementor-element-a527ec8 elementor-widget elementor-widget-image\" data-id=\"a527ec8\" data-element_type=\"widget\" data-widget_type=\"image.default\">\n\t\t\t\t<div class=\"elementor-widget-container\">\n\t\t\t\t\t\t\t\t\t\t\t\t\t\t\t<img decoding=\"async\" width=\"640\" height=\"480\" src=\"https:\/\/xn--vderbacken-q5a.se\/wp-content\/uploads\/hons_01.jpg\" class=\"attachment-full size-full wp-image-56\" alt=\"\" srcset=\"https:\/\/xn--vderbacken-q5a.se\/wp-content\/uploads\/hons_01.jpg 640w, https:\/\/xn--vderbacken-q5a.se\/wp-content\/uploads\/hons_01-300x225.jpg 300w\" sizes=\"(max-width: 640px) 100vw, 640px\" \/>\t\t\t\t\t\t\t\t\t\t\t\t\t\t\t<\/div>\n\t\t\t\t<\/div>\n\t\t\t\t\t<\/div>\n\t\t<\/div>\n\t\t\t\t\t<\/div>\n\t\t<\/section>\n\t\t\t\t\t<\/div>\n\t\t<\/div>\n\t\t\t\t\t<\/div>\n\t\t<\/section>\n\t\t\t\t<section class=\"elementor-section elementor-top-section elementor-element elementor-element-deadd78 elementor-section-boxed elementor-section-height-default elementor-section-height-default\" data-id=\"deadd78\" data-element_type=\"section\">\n\t\t\t\t\t\t<div class=\"elementor-container elementor-column-gap-default\">\n\t\t\t\t\t<div class=\"elementor-column elementor-col-100 elementor-top-column elementor-element elementor-element-b90213d\" data-id=\"b90213d\" data-element_type=\"column\">\n\t\t\t<div class=\"elementor-widget-wrap elementor-element-populated\">\n\t\t\t\t\t\t<div class=\"elementor-element elementor-element-136f18e elementor-widget elementor-widget-spacer\" data-id=\"136f18e\" data-element_type=\"widget\" data-widget_type=\"spacer.default\">\n\t\t\t\t<div class=\"elementor-widget-container\">\n\t\t\t\t\t\t\t<div class=\"elementor-spacer\">\n\t\t\t<div class=\"elementor-spacer-inner\"><\/div>\n\t\t<\/div>\n\t\t\t\t\t\t<\/div>\n\t\t\t\t<\/div>\n\t\t\t\t\t<\/div>\n\t\t<\/div>\n\t\t\t\t\t<\/div>\n\t\t<\/section>\n\t\t\t\t<\/div>\n\t\t","protected":false},"excerpt":{"rendered":"<p>V\u00e4derbacken Allservice AB (svb) \u00e4r ett socialt f\u00f6retag som \u00f6vertagit verksamheten efter Smedjebackens kommuns arbetsmarknads\u00e5tg\u00e4rd Komhall. Verksamheten bedrivs som aktiebolag med s\u00e4rskilt vinst begr\u00e4nsning.\u00a0Vi kommer forts\u00e4tta tillhandah\u00e5lla service i form av gr\u00e4sklippning och sn\u00f6skottning f\u00f6r pension\u00e4rer som \u00e4r hemmah\u00f6rande i Smedjebackens kommun, verksamheten kommer bedrivas med hj\u00e4lp av arbetsmarknads\u00e5tg\u00e4rder. Vi kommer \u00e4ven erbjuda allehanda tj\u00e4nster<\/p>\n","protected":false},"author":2,"featured_media":0,"parent":0,"menu_order":0,"comment_status":"closed","ping_status":"closed","template":"elementor_header_footer","meta":{"footnotes":""},"_links":{"self":[{"href":"https:\/\/xn--vderbacken-q5a.se\/index.php?rest_route=\/wp\/v2\/pages\/11"}],"collection":[{"href":"https:\/\/xn--vderbacken-q5a.se\/index.php?rest_route=\/wp\/v2\/pages"}],"about":[{"href":"https:\/\/xn--vderbacken-q5a.se\/index.php?rest_route=\/wp\/v2\/types\/page"}],"author":[{"embeddable":true,"href":"https:\/\/xn--vderbacken-q5a.se\/index.php?rest_route=\/wp\/v2\/users\/2"}],"replies":[{"embeddable":true,"href":"https:\/\/xn--vderbacken-q5a.se\/index.php?rest_route=%2Fwp%2Fv2%2Fcomments&post=11"}],"version-history":[{"count":9,"href":"https:\/\/xn--vderbacken-q5a.se\/index.php?rest_route=\/wp\/v2\/pages\/11\/revisions"}],"predecessor-version":[{"id":109,"href":"https:\/\/xn--vderbacken-q5a.se\/index.php?rest_route=\/wp\/v2\/pages\/11\/revisions\/109"}],"wp:attachment":[{"href":"https:\/\/xn--vderbacken-q5a.se\/index.php?rest_route=%2Fwp%2Fv2%2Fmedia&parent=11"}],"curies":[{"name":"wp","href":"https:\/\/api.w.org\/{rel}","templated":true}]}}